{"id":137,"date":"2021-08-16T12:01:57","date_gmt":"2021-08-16T12:01:57","guid":{"rendered":"http:\/\/www.falquimica.com\/?page_id=137"},"modified":"2021-08-16T12:22:47","modified_gmt":"2021-08-16T12:22:47","slug":"deionizacion-y-filtracion","status":"publish","type":"page","link":"http:\/\/www.falquimica.com\/?page_id=137","title":{"rendered":"Deionizaci\u00f3n y Filtraci\u00f3n"},"content":{"rendered":"\t\t<div data-elementor-type=\"wp-page\" data-elementor-id=\"137\" class=\"elementor elementor-137\" data-elementor-settings=\"[]\">\n\t\t\t\t\t\t\t<div class=\"elementor-section-wrap\">\n\t\t\t\t\t\t\t<section class=\"elementor-section elementor-top-section elementor-element elementor-element-c19747c elementor-section-boxed elementor-section-height-default elementor-section-height-default\" data-id=\"c19747c\" data-element_type=\"section\" data-settings=\"{&quot;_ha_eqh_enable&quot;:false}\">\n\t\t\t\t\t\t<div class=\"elementor-container elementor-column-gap-default\">\n\t\t\t\t\t<div class=\"elementor-column elementor-col-100 elementor-top-column elementor-element elementor-element-015935d\" data-id=\"015935d\" data-element_type=\"column\">\n\t\t\t<div class=\"elementor-widget-wrap elementor-element-populated\">\n\t\t\t\t\t\t\t\t<div class=\"elementor-element elementor-element-06d0538 elementor-widget elementor-widget-text-editor\" data-id=\"06d0538\" data-element_type=\"widget\" data-widget_type=\"text-editor.default\">\n\t\t\t\t<div class=\"elementor-widget-container\">\n\t\t\t\t\t\t\t\t<p>Ofrecemos servicio de dise\u00f1o, construcci\u00f3n, mantenimiento, operaci\u00f3n y renta de:<\/p><ul><li>Filtros.<\/li><li>Suavizadores.<\/li><li>Desmineralizadores por intercambio i\u00f3nico.\u00a0<\/li><li>Osmosis inversa.<\/li><li>Ultra y nanofiltraci\u00f3n-<\/li><\/ul><p>\u00a0<\/p><p>Contamos con carta de distribuci\u00f3n DOW para Resinas de Intercambio I\u00f3nico y Membranas de Osmosis Inversa.\u00a0<\/p>\t\t\t\t\t\t<\/div>\n\t\t\t\t<\/div>\n\t\t\t\t\t<\/div>\n\t\t<\/div>\n\t\t\t\t\t\t\t<\/div>\n\t\t<\/section>\n\t\t\t\t\t\t<\/div>\n\t\t\t\t\t<\/div>\n\t\t","protected":false},"excerpt":{"rendered":"<p>Ofrecemos servicio de dise\u00f1o, construcci\u00f3n, mantenimiento, operaci\u00f3n y renta de: Filtros. Suavizadores. Desmineralizadores por intercambio i\u00f3nico.\u00a0 Osmosis inversa. Ultra y nanofiltraci\u00f3n- \u00a0 Contamos con carta de distribuci\u00f3n DOW para Resinas de Intercambio I\u00f3nico y Membranas de Osmosis Inversa.\u00a0<\/p>\n","protected":false},"author":1,"featured_media":0,"parent":0,"menu_order":0,"comment_status":"closed","ping_status":"closed","template":"","meta":{"footnotes":""},"_links":{"self":[{"href":"http:\/\/www.falquimica.com\/index.php?rest_route=\/wp\/v2\/pages\/137"}],"collection":[{"href":"http:\/\/www.falquimica.com\/index.php?rest_route=\/wp\/v2\/pages"}],"about":[{"href":"http:\/\/www.falquimica.com\/index.php?rest_route=\/wp\/v2\/types\/page"}],"author":[{"embeddable":true,"href":"http:\/\/www.falquimica.com\/index.php?rest_route=\/wp\/v2\/users\/1"}],"replies":[{"embeddable":true,"href":"http:\/\/www.falquimica.com\/index.php?rest_route=%2Fwp%2Fv2%2Fcomments&post=137"}],"version-history":[{"count":4,"href":"http:\/\/www.falquimica.com\/index.php?rest_route=\/wp\/v2\/pages\/137\/revisions"}],"predecessor-version":[{"id":163,"href":"http:\/\/www.falquimica.com\/index.php?rest_route=\/wp\/v2\/pages\/137\/revisions\/163"}],"wp:attachment":[{"href":"http:\/\/www.falquimica.com\/index.php?rest_route=%2Fwp%2Fv2%2Fmedia&parent=137"}],"curies":[{"name":"wp","href":"https:\/\/api.w.org\/{rel}","templated":true}]}}